{"id":19,"date":"2019-05-08T13:24:40","date_gmt":"2019-05-08T11:24:40","guid":{"rendered":"http:\/\/gzukleczyce.pl\/?page_id=19"},"modified":"2026-04-20T13:10:59","modified_gmt":"2026-04-20T11:10:59","slug":"odo","status":"publish","type":"page","link":"https:\/\/gzukleczyce.pl\/index.php\/odo\/","title":{"rendered":"Ochrona Danych Osobowych"},"content":{"rendered":"\r\n<h5 class=\"has-text-align-center\">Funkcj\u0119 Inspektora Ochrony Danych (IOD)<\/h5>\r\n<h5>\r\n\r\n<\/h5>\r\n<h5 class=\"has-text-align-center\">w Gminnym Zak\u0142adzie Us\u0142ug Komunalnych w \u0141\u0119czycach pe\u0142ni:<\/h5>\r\n<h5>\r\n\r\n<\/h5>\r\n<h5 class=\"has-text-align-center\"><strong>KRZYSZTOF RAULIN<\/strong><\/h5>\r\n<h5>\r\n\r\n<\/h5>\r\n<h5 class=\"has-text-align-center\">Adres poczty elektronicznej: iodo@leczyce.pl<\/h5>\r\n<p>&nbsp;<\/p>\r\n<h5 style=\"text-align: left;\"><span style=\"color: #000080;\"><strong>KLAUZULA INFORMACYJNA <\/strong><\/span><\/h5>\r\n<h5 style=\"text-align: left;\"><span style=\"color: #000080;\"><strong>Gminnego Zak\u0142adu Us\u0142ug Komunalnych w \u0141\u0119czycach<\/strong><\/span><\/h5>\r\n\r\n\r\n\r\n\r\n\r\n<p><strong>Zgodnie z art. 13 rozporz\u0105dzenia Parlamentu Europejskiego i Rady (UE) 2016\/679 z dnia 27 kwietnia 2016 r. w sprawie ochrony os\u00f3b fizycznych w zwi\u0105zku z przetwarzaniem danych osobowych i w sprawie swobodnego przep\u0142ywu takich danych oraz uchylenia dyrektywy 95\/46\/WE (og\u00f3lne rozporz\u0105dzenie o danych) (Dz. Urz. UE L 119 z dnia 4 maja 2016 r., str. 1; zwanym dalej \u201eRODO\u201d) informujemy, na jakich zasadach przetwarzane s\u0105 dane osobowe oraz zapewniamy, \u017ce dochowujemy wszelkich stara\u0144 by dba\u0107 o ich bezpiecze\u0144stwo.<\/strong><\/p>\r\n<p>Spe\u0142niaj\u0105c wynikaj\u0105cy z przepis\u00f3w RODO obowi\u0105zek informacyjny, informujemy Pani\u0105\/Pana, \u017ce:<\/p>\r\n<ol>\r\n<li>Administratorem Pani\/Pana danych osobowych jest Gminny Zak\u0142ad Us\u0142ug Komunalnych w \u0141\u0119czycach z\u00a0siedzib\u0105 przy ul.\u00a0Ko\u015bcielnej 17A, 84-218 \u0141\u0119czyce, reprezentowany przez Kierownika Gminnego Zak\u0142adu Us\u0142ug Komunalnych w \u0141\u0119czycach.<\/li>\r\n<li>Inspektorem Ochrony Danych Osobowych jest Krzysztof Raulin. W sprawach dotycz\u0105cych przetwarzania danych osobowych mo\u017ce si\u0119 Pani\/Pan kontaktowa\u0107 z Inspektorem Ochrony Danych Osobowych poprzez adres e-mail: iodo@leczyce.pl<\/li>\r\n<li>Pani\/Pana dane osobowe b\u0119d\u0105 przetwarzane zgodnie z celem, wynikaj\u0105cym z charakteru sprawy i wynika\u0107 b\u0119d\u0105 z konieczno\u015bci za\u0142atwienia Pani\/Pana wniosku, zawarcia lub wykonania umowy, wype\u0142nienia obowi\u0105zku prawnego ci\u0105\u017c\u0105cego na Administratorze, jak r\u00f3wnie\u017c do wykonania zadania realizowanego w interesie publicznym lub sprawowania w\u0142adzy publicznej przez Administratora.<\/li>\r\n<li>W opisanych powy\u017cej celach mo\u017cemy przetwarza\u0107 w szczeg\u00f3lno\u015bci nast\u0119puj\u0105ce kategorie Pani\/Pana danych osobowych: imi\u0119 i nazwisko, adres zamieszkania, adres do korespondencji, numer telefonu, adres e-mail, nr dokumentu to\u017csamo\u015bci, w szczeg\u00f3lnych przypadkach inne, :\u00a0 nr dzia\u0142ki, dane geodezyjne itp.<\/li>\r\n<li>Pani\/Pana osobowe b\u0119d\u0105 przetwarzane zgodnie z w\u0142a\u015bciw\u0105 procedur\u0105 prawn\u0105, okresem wykonywania umowy, przepisami prawa upowa\u017cniaj\u0105cymi do zachowania i archiwizacji pozyskanych danych lub do momentu z\u0142o\u017cenia przez Pani\u0105\/Pana sprzeciwu wobec przetwarzania danych osobowych.<\/li>\r\n<li>W celu zapewnienia najwy\u017cszej jako\u015bci us\u0142ug Pani\/Pana dane osobowe mog\u0105 by\u0107 przekazywane podmiotom wspieraj\u0105cym Gminny Zak\u0142ad Us\u0142ug Komunalnych w \u0141\u0119czycach w \u015bwiadczeniu us\u0142ug, w tym przede wszystkim dostawcom us\u0142ug bankowych, ubezpieczeniowych, podmiotom zapewniaj\u0105cym obs\u0142ug\u0119 p\u0142atnicz\u0105 transakcji, podmiotom przetwarzaj\u0105cym w szczeg\u00f3lno\u015bci w zakresie prawnym, informatycznym, finansowym. Ponadto, mo\u017cemy przekaza\u0107 Pani\/Pana dane osobowe uprawnionym organom pa\u0144stwa polskiego na ich \u017c\u0105danie.<\/li>\r\n<li>Administrator nie przewiduje przekazania uzyskanych danych osobowych do pa\u0144stwa trzeciego lub organizacji mi\u0119dzynarodowej. W przypadku takiego zamiaru zostanie Pani\/Pan odr\u0119bnie poinformowana\/y.<\/li>\r\n<li>Administrator nie przewiduje zautomatyzowanego podejmowania decyzji ani profilowania w oparciu o otrzymane dane osobowe.<\/li>\r\n<li>Ma Pani\/Pan prawo do:\r\n<ul>\r\n<li>\u017c\u0105dania uzyskania kopii danych osobowych lub ich udost\u0119pnienia w siedzibie Administratora;<\/li>\r\n<li>\u017c\u0105dania sprostowania danych osobowych;<\/li>\r\n<li>\u017c\u0105dania usuni\u0119cia swoich danych osobowych tzw. \u201eprawo do bycia zapomnianym\u201d;<\/li>\r\n<li>\u017c\u0105dania ograniczenia przetwarzania swoich danych osobowych;<\/li>\r\n<li>\u017c\u0105dania przeniesienia w\u0142asnych danych osobowych w powszechnie u\u017cywanym formacie do innego administratora danych wskazanego przez siebie;<\/li>\r\n<li>wniesienia sprzeciwu wobec przetwarzania danych osobowych;<\/li>\r\n<li>cofni\u0119cia zgody na przetwarzanie danych osobowych, o ile przetwarzanie odbywa si\u0119 na podstawie udzielonej uprzednio zgody.<\/li>\r\n<\/ul>\r\n<\/li>\r\n<\/ol>\r\n<ol start=\"10\">\r\n<li>Przys\u0142uguje Pani\/Panu tak\u017ce prawo wniesienia skargi do Prezesa Urz\u0119du Ochrony Danych Osobowych, w sytuacji, gdy uzna Pani\/Pan, \u017ce przetwarzanie Pani\/Pana danych osobowych narusza przepisy prawa ochrony danych osobowych, w szczeg\u00f3lno\u015bci przepisy RODO.<\/li>\r\n<li>Pani\/Pana dane osobowe s\u0105 niezb\u0119dne do realizacji Pani\/Pana wniosku\/sprawy, niepodanie ich uniemo\u017cliwi lub znacz\u0105co utrudni prawid\u0142owe wykonanie zadania publicznego. Brak podania danych osobowych mo\u017ce skutkowa\u0107 tym, \u017ce nie b\u0119dziemy mogli zawrze\u0107 z Pani\u0105\/Panem umowy lub procedowa\u0107 sprawy Pani\/Pana dotycz\u0105cej, a w konsekwencji nie b\u0119dzie Pani\/Pan mog\u0142a\/m\u00f3g\u0142 korzysta\u0107 z \u015bwiadczonych przez nas us\u0142ug. \u0179r\u00f3d\u0142em przekazania danych jest strona umowy, czyli Pani\/Pana dane uzyskali\u015bmy od podmiotu, z kt\u00f3rym zawarli\u015bmy umow\u0119.<\/li>\r\n<\/ol>\r\n<h6><span style=\"color: #0000ff;\"><strong><a style=\"color: #0000ff;\" href=\"https:\/\/gzukleczyce.pl\/wp-content\/uploads\/2026\/01\/Klauzula-informacyjna-do-umowy-dla-strony-umowy-o-swiadczenie-uslug-1.pdf\">Klauzula informacyjna do umowy dla strony umowy o \u015bwiadczenie us\u0142ug<\/a><\/strong><\/span><\/h6>\r\n<h6><span style=\"color: #0000ff;\"><strong><a style=\"color: #0000ff;\" href=\"https:\/\/gzukleczyce.pl\/wp-content\/uploads\/2026\/01\/Klauzula-informacyjna-do-umowy-dla-strony-umowy-o-swiadczenie-uslug-komunalnych-woda-scieki-wywoz-n.cieklych.pdf\">Klauzula informacyjna do umowy dla strony umowy o \u015bwiadczenie us\u0142ug komunalnych woda \u015bcieki wyw\u00f3z n.ciek\u0142ych<\/a><\/strong><\/span><\/h6>\r\n<h6><strong><span style=\"color: #0000ff;\"><a style=\"color: #0000ff;\" href=\"https:\/\/gzukleczyce.pl\/wp-content\/uploads\/2026\/01\/Klauzula-informacyjna-przetwarzania-danych-osobowych-w-zakresie-korespondencji-elektronicznej.pdf\">Klauzula informacyjna przetwarzania danych osobowych w zakresie korespondencji elektronicznej<\/a><\/span><\/strong><\/h6>\r\n<h6><strong><span style=\"color: #0000ff;\"><a style=\"color: #0000ff;\" href=\"https:\/\/gzukleczyce.pl\/wp-content\/uploads\/2026\/01\/Klauzula-informacyjna-udostepnienie-informacji-publicznej.pdf\">Klauzula informacyjna udost\u0119pnienie informacji publicznej<\/a><\/span><\/strong><\/h6>\r\n<h6><span style=\"color: #0000ff;\">\u00a0<\/span><\/h6>\r\n","protected":false},"excerpt":{"rendered":"<p>Funkcj\u0119 Inspektora Ochrony Danych (IOD) w Gminnym Zak\u0142adzie Us\u0142ug Komunalnych w \u0141\u0119czycach pe\u0142ni: KRZYSZTOF RAULIN Adres poczty elektronicznej: iodo@leczyce.pl &nbsp; KLAUZULA INFORMACYJNA Gminnego Zak\u0142adu Us\u0142ug Komunalnych w \u0141\u0119czycach Zgodnie z art. 13 rozporz\u0105dzenia Parlamentu Europejskiego i Rady (UE) 2016\/679 z dnia 27 kwietnia 2016 r. w sprawie ochrony os\u00f3b fizycznych w zwi\u0105zku z przetwarzaniem danych [&hellip;]<\/p>\n","protected":false},"author":1,"featured_media":0,"parent":0,"menu_order":0,"comment_status":"closed","ping_status":"closed","template":"","meta":{"_editorskit_title_hidden":false,"_editorskit_reading_time":0,"_editorskit_is_block_options_detached":false,"_editorskit_block_options_position":"{}","footnotes":""},"class_list":["post-19","page","type-page","status-publish","hentry"],"_links":{"self":[{"href":"https:\/\/gzukleczyce.pl\/index.php\/wp-json\/wp\/v2\/pages\/19"}],"collection":[{"href":"https:\/\/gzukleczyce.pl\/index.php\/wp-json\/wp\/v2\/pages"}],"about":[{"href":"https:\/\/gzukleczyce.pl\/index.php\/wp-json\/wp\/v2\/types\/page"}],"author":[{"embeddable":true,"href":"https:\/\/gzukleczyce.pl\/index.php\/wp-json\/wp\/v2\/users\/1"}],"replies":[{"embeddable":true,"href":"https:\/\/gzukleczyce.pl\/index.php\/wp-json\/wp\/v2\/comments?post=19"}],"version-history":[{"count":21,"href":"https:\/\/gzukleczyce.pl\/index.php\/wp-json\/wp\/v2\/pages\/19\/revisions"}],"predecessor-version":[{"id":1603,"href":"https:\/\/gzukleczyce.pl\/index.php\/wp-json\/wp\/v2\/pages\/19\/revisions\/1603"}],"wp:attachment":[{"href":"https:\/\/gzukleczyce.pl\/index.php\/wp-json\/wp\/v2\/media?parent=19"}],"curies":[{"name":"wp","href":"https:\/\/api.w.org\/{rel}","templated":true}]}}