{"id":84,"date":"2019-05-10T12:09:57","date_gmt":"2019-05-10T10:09:57","guid":{"rendered":"http:\/\/gzukleczyce.pl\/?page_id=84"},"modified":"2026-03-19T10:05:17","modified_gmt":"2026-03-19T09:05:17","slug":"struktura-organizacyjna-gzuk","status":"publish","type":"page","link":"https:\/\/gzukleczyce.pl\/index.php\/struktura-organizacyjna-gzuk\/","title":{"rendered":"STRUKTURA ORGANIZACYJNA GZUK W \u0141\u0118CZYCACH:"},"content":{"rendered":"\r\n<ol class=\"wp-block-list\" type=\"1\">\r\n<li>Kierownik <strong>&#8211; Witold Szmidtke<\/strong><\/li>\r\n<li>Zast\u0119pca Kierownika (dzia\u0142 techniczny) &#8211;<strong> Pawe\u0142 D\u0105bek<\/strong><\/li>\r\n<li>G\u0142\u00f3wna Ksi\u0119gowa &#8211; <strong>Anna Brylowska<\/strong><\/li>\r\n<li>Samodzielne stanowisko do spraw kadrowych<\/li>\r\n<li>Samodzielne stanowisko ds. eksploatacyjnych<\/li>\r\n<li>Sekretariat<\/li>\r\n<li>Inkasent<\/li>\r\n<li>Obs\u0142uga Oczyszczalni w \u0141\u0119czycach<\/li>\r\n<li>Obs\u0142uga Oczyszczalni w Bo\u017cepole Wielkie<\/li>\r\n<li>Wykwalifikowany personel techniczny do realizacji zada\u0144 GZUK w \u0141\u0119czycach<\/li>\r\n<\/ol>\r\n\r\n\r\n\r\n<h6><strong><span style=\"color: #0000ff;\"><a style=\"color: #0000ff;\" href=\"https:\/\/gzukleczyce.pl\/wp-content\/uploads\/2026\/03\/Regulamin-organizacyjny-Gminnego-Zakladu-Uslug-Komunalnych-w-Leczycach-16.03.2026-r.pdf\">Regulamin organizacyjny Gminnego Zak\u0142adu Us\u0142ug Komunalnych w \u0141\u0119czycach &#8211; 16.03.2026 r.<\/a><\/span><\/strong><\/h6>\r\n<h6><strong><span style=\"color: #0000ff;\"><a style=\"color: #0000ff;\" href=\"https:\/\/gzukleczyce.pl\/wp-content\/uploads\/2024\/01\/Regulamin-organizacyjny-Gminnego-Zakladu-Uslug-Komunalnych-w-Leczycach-\u2013-30.11.2023-r..pdf\">Regulamin organizacyjny Gminnego Zak\u0142adu Us\u0142ug Komunalnych w \u0141\u0119czycach \u2013 30.11.2023 r.<\/a><\/span><\/strong><\/h6>\r\n<h6><strong><span style=\"color: #0000ff;\"><a style=\"color: #0000ff;\" href=\"https:\/\/gzukleczyce.pl\/wp-content\/uploads\/2023\/10\/Regulamin-organizacyjny-Gminnego-Zakladu-Uslug-Komunalnych-w-Leczycach-12.07.2021-r..pdf\">Regulamin organizacyjny Gminnego Zak\u0142adu Us\u0142ug Komunalnych w \u0141\u0119czycach &#8211; 12.07.2021 r.<\/a><\/span><\/strong><\/h6>\r\n<h6><strong><span style=\"color: #0000ff;\"><a style=\"color: #0000ff;\" href=\"http:\/\/gzukleczyce.pl\/wp-content\/uploads\/2021\/02\/Zarzadzenie-w-sprawie-zatwierdzenia-regulaminu-organizacyjnego.pdf\">Regulamin organizacyjny Gminnego Zak\u0142adu Us\u0142ug komunalnych w \u0141\u0119czycach &#8211; 20.02.2019 r.<\/a><\/span><\/strong><\/h6>\r\n","protected":false},"excerpt":{"rendered":"<p>Kierownik &#8211; Witold Szmidtke Zast\u0119pca Kierownika (dzia\u0142 techniczny) &#8211; Pawe\u0142 D\u0105bek G\u0142\u00f3wna Ksi\u0119gowa &#8211; Anna Brylowska Samodzielne stanowisko do spraw kadrowych Samodzielne stanowisko ds. eksploatacyjnych Sekretariat Inkasent Obs\u0142uga Oczyszczalni w \u0141\u0119czycach Obs\u0142uga Oczyszczalni w Bo\u017cepole Wielkie Wykwalifikowany personel techniczny do realizacji zada\u0144 GZUK w \u0141\u0119czycach<\/p>\n","protected":false},"author":1,"featured_media":0,"parent":0,"menu_order":0,"comment_status":"closed","ping_status":"closed","template":"","meta":{"_editorskit_title_hidden":false,"_editorskit_reading_time":0,"_editorskit_is_block_options_detached":false,"_editorskit_block_options_position":"{}","footnotes":""},"class_list":["post-84","page","type-page","status-publish","hentry"],"_links":{"self":[{"href":"https:\/\/gzukleczyce.pl\/index.php\/wp-json\/wp\/v2\/pages\/84"}],"collection":[{"href":"https:\/\/gzukleczyce.pl\/index.php\/wp-json\/wp\/v2\/pages"}],"about":[{"href":"https:\/\/gzukleczyce.pl\/index.php\/wp-json\/wp\/v2\/types\/page"}],"author":[{"embeddable":true,"href":"https:\/\/gzukleczyce.pl\/index.php\/wp-json\/wp\/v2\/users\/1"}],"replies":[{"embeddable":true,"href":"https:\/\/gzukleczyce.pl\/index.php\/wp-json\/wp\/v2\/comments?post=84"}],"version-history":[{"count":11,"href":"https:\/\/gzukleczyce.pl\/index.php\/wp-json\/wp\/v2\/pages\/84\/revisions"}],"predecessor-version":[{"id":1594,"href":"https:\/\/gzukleczyce.pl\/index.php\/wp-json\/wp\/v2\/pages\/84\/revisions\/1594"}],"wp:attachment":[{"href":"https:\/\/gzukleczyce.pl\/index.php\/wp-json\/wp\/v2\/media?parent=84"}],"curies":[{"name":"wp","href":"https:\/\/api.w.org\/{rel}","templated":true}]}}